*x. Let b = i + n. Is b composite?
False
Let o(m) = -m**3 - m**2 - 3*m + 1. Let a(q) = 3*q**3 + 3*q**2 + 8*q - 3. Let h(f) = -3*a(f) - 8*o(f). Is h(-4) a composite number?
True
Suppose -5*m - 8 = 22. Is (-298)/m - (-2)/(-3) a composite number?
True
Suppose 0*c = -5*c + 675. Let b be -2*-33*(-2)/3. Let f = b + c. Is f a composite number?
True
Let z(v) = -3*v**2 + 0*v - v**3 - 4*v + 5*v - 2*v + 3. Is z(-4) composite?
False
Let c(i) = 7*i**3 - i**2 + 3*i - 2. Is c(3) a prime number?
False
Is (-2)/2*1*(-2 + -251) a composite number?
True
Is 185 + (-3)/12*0 composite?
True
Suppose -198 = 5*s - 1253. Is (-2 - (2 - 5))*s composite?
False
Let m(b) = -4*b + 74. Is m(0) composite?
True
Let n = -141 - -782. Is n a prime number?
True
Suppose -f + 5 + 4 = 2*g, 5*f = 15. Suppose 2*w + g = 9. Suppose 2*d = -w*d + 185. Is d composite?
False
Suppose -3*j + 9 = -4*j. Is -3 + 15/3 - j a prime number?
True
Suppose 0 = -5*j + 25, 4*a - j = 3 + 12. Suppose 2*u + 0 - 8 = -5*g, 0 = 4*g - a*u - 13. Suppose -1 = v + 3*f, -g*v = 2*f + f - 10. Is v composite?
False
Suppose 2*p - 17 = -3*c - 0*c, 4*p + 5*c - 31 = 0. Let h be (2/3)/(1/(-894)). Is h/(-12) + p/(-6) a composite number?
True
Let i be 3/((-6)/(-2))*77. Suppose f = -0*f + i. Is f a composite number?
True
Let v(q) = 43*q - 9. Let f be v(9). Let l = f + -193. Is l prime?
False
Suppose -19 = 2*o - 5*w + 16, -4*o - 3*w - 57 = 0. Is ((-348)/18)/(2/o) composite?
True
Suppose 0 = -2*l + 342 + 104. Is l a prime number?
True
Let z be (867/(-6))/((-3)/6). Suppose -4*t - z = 3*u, 4*u + 250 = -4*t - 130. Let s = u + 140. Is s composite?
True
Is 1/(1551/(-777) - -2) prime?
False
Suppose -d = -84 - 101. Is d a composite number?
True
Let p = 56 + 0. Let c(d) = d**2 - 8*d - 14. Let u be c(10). Suppose 5*r = -u + p. Is r a prime number?
False
Is (-4)/10 - (-8751)/15 prime?
False
Let w(x) = -x**3 + 17*x**2 - 13*x - 2. Is w(15) a prime number?
False
Let m(w) = -2310*w + 2. Let p be m(-1). Let f = -1197 + p. Is f prime?
False
Let j = -5 + 9. Is -6*((-98)/j - -1) prime?
False
Suppose -x = -5*z - 141, z - 391 = -x - 2*x. Is x a composite number?
False
Let t(q) = 2*q**3 + 8*q**2 + 8*q + 1. Let a(g) = -g**3 - 4*g**2 - 4*g - 1. Let r(f) = 13*a(f) + 6*t(f). Is r(-5) prime?
False
Suppose 13 + 17 = -2*s. Let v = 37 + s. Is 158/v - 6/33 composite?
False
Let s(l) = 9*l - 4. Suppose 4*p - 2*p = 5*a + 36, -2*p + 36 = 3*a. Let h = -7 + p. Is s(h) a prime number?
False
Suppose -x = 0, x - 2028 - 1664 = -4*l. Is l composite?
True
Is (-1)/2*4 + 1193 composite?
True
Is ((-980)/(-16) + 2)*4 a composite number?
True
Suppose -j + 2*r = -106 - 27, -4*j + 525 = -r. Is j a composite number?
False
Let f(d) be the third derivative of d**4/3 - 7*d**3/6 + 5*d**2. Is f(5) composite?
True
Suppose -4*g = -g - 9. Suppose -1079 = -g*w + 2*w. Suppose -2*a + 2*s = -374, 5*a + s + 156 = w. Is a prime?
False
Let b be -6*(-5)/(-45)*159. Let v = -5 + 1. Is (b/v)/((-4)/(-8)) a composite number?
False
Let a be (-45)/10*4/3. Let y(p) = -17*p**3 - 2*p**2 + p. Let j be y(1). Is (-3213)/j*(-4)/a a composite number?
True
Suppose 6*b + 254 = 8*b. Is b composite?
False
Let q(w) = -13*w - 4. Let i(a) = 25*a + 7. Let m(y) = -3*i(y) - 5*q(y). Let p = -5 + 3. Is m(p) a prime number?
True
Let g be (-1 - 2/(-1))*2. Suppose h = -g*h. Suppose -3*w + h*w - 2*d + 287 = 0, 0 = -5*w + 3*d + 453. Is w a prime number?
False
Let r(b) = 2*b**3 - 3*b - 4. Let p be r(-4). Let i = -85 - p. Is i a composite number?
True
Let f be 4083/(-12) + (-6)/(-24). Let w = -185 - f. Is w a composite number?
True
Suppose 5*j = -2*z + 41, 4*j + z + 4 = 5*j. Let x = 526 + -296. Suppose -2*q + j*q - x = 0. Is q a composite number?
True
Suppose 0 = -4*c - 5*y + 66, y - 6 = -2*y. Suppose -t = t - c. Is 89/t + (-6)/(-21) a composite number?
False
Suppose -2*z + 14 = z + v, -2*z - 2 = -5*v. Let w be (526/(-6))/((-2)/6). Suppose w = 2*j - 3*d, -j - z*d + 30 + 85 = 0. Is j a composite number?
False
Suppose -4*y - 3*a + 43 = -357, 5*y - 3*a - 527 = 0. Suppose y = 5*n - i, 0*n + 5*i - 52 = -2*n. Is n a prime number?
False
Let w(r) = -23*r**2 + 3*r + 4. Let l be w(-3). Suppose 3*j + 294 = -5*v, -146 - 31 = 2*j - 3*v. Let p = j - l. Is p a composite number?
True
Suppose 7*x - 2*b - 25 = 2*x, 2*b = -10. Suppose -232 = -x*f - 25. Is f a composite number?
True
Let v(t) = -13*t - 8. Let f = -7 + -7. Let z be 2/(-1 - 10/f). Is v(z) a composite number?
False
Let b(t) = 3*t - 9. Let x(h) = h**3 + 6*h**2 - h + 2. Suppose -7*u - 8 = -4*u + 2*l, 5*u - 3*l = -45. Let d be x(u). Is b(d) a prime number?
False
Let j(o) = -134*o - 2. Let v be j(-2). Suppose -2*r + 4*u = -v + 96, -2 = -u. Is r prime?
True
Suppose -p + 622 + 19 = 0. Is p composite?
False
Suppose 5*q - 564 = 131. Is q composite?
False
Let j be 1/(-1) - (0 - -3). Let i be j/14 - (-69)/21. Suppose 5*w - 2*w - 382 = -5*g, -5*g = -i*w - 388. Is g a composite number?
True
Suppose 5*w - 697 = -v, 3*v + 2*w - 1340 - 699 = 0. Is v composite?
False
Let z(h) = -4*h - 4 + 12*h**2 - 3*h**3 - 1 - 2. Let b(a) = a**3 - a**2. Let d(w) = 4*b(w) + z(w). Is d(-6) composite?
False
Let h = 2641 - 120. Is h a composite number?
False
Let i(z) = z**2 - 12*z + 12. Let r be i(11). Suppose -1 - r = p. Is ((-1)/p)/((-1)/(-166)) composite?
False
Let q = 3 - -2. Suppose -2*f = -q*j + 189, 5*f - 140 = -4*j + f. Is j composite?
False
Suppose 0 = -2*f - 5*i + 402, -5*i = 3*f - 972 + 359. Is f prime?
True
Let a(k) = -k**3 - 4*k**2 - k - 2. Let t be a(-4). Suppose -b + 6*b + t*h - 287 = 0, -b = -h - 56. Is b composite?
True
Suppose 0 = h - x + 1 + 2, 0 = -5*h + x - 7. Is 6 + (h + -1)/(-2) a prime number?
True
Let m(u) be the first derivative of -5*u**4 + 2/3*u**3 - u - 2 + 0*u**2. Is m(-1) a prime number?
False
Suppose -m = -2*i + 5485, -3*m + 1191 = -3*i + 9417. Is i prime?
False
Let f(j) be the third derivative of 59*j**6/40 - j**4/24 + j**3/6 - j**2. Is f(1) a composite number?
True
Is (3/9)/((-3)/(-16461)) a prime number?
False
Let o(g) = g**2 - 4*g - 1. Let r(f) = -1. Let c(w) = o(w) + 6*r(w). Let u be c(6). Suppose -u*j + 138 + 497 = 0. Is j a composite number?
False
Is 11/(-44) + (-845)/(-4) a composite number?
False
Suppose 0 = -4*c + 97 + 31. Suppose 3*d + c = 7*d. Let f = 329 + d. Is f a composite number?
False
Let i = 84 - 33. Is i a prime number?
False
Suppose -4*a + 1841 - 517 = 0. Is a a composite number?
False
Let z be (25/15)/(1/(-12)). Is (-124)/(-10)*z/(-8) a composite number?
False
Let t = 2 + -9. Let r be t/(0 + (-3)/6). Is 4/14 - (-542)/r composite?
True
Suppose -3*b - 3896 = -3*x - 542, -x + 1119 = -2*b. Is x a prime number?
True
Let u(l) be the second derivative of 5/12*l**4 + 0 + 2*l**2 + 1/3*l**3 - 2*l. Is u(-3) a composite number?
False
Suppose 7*l = l + 2982. Is l a composite number?
True
Let j(i) = 7*i - 3. Let z be j(-5). Let u = -4 - z. Is u a prime number?
False
Suppose -o - 3*s = -4*s - 1, o + 8 = 4*s. Suppose -5*f + c + 439 = o*c, -f = -4*c - 97. Is f a prime number?
True
Let l be 4/6 + 12/9. Suppose -3*w - 4*n = 49 + 38, -n - 58 = l*w. Let y = 43 + w. Is y composite?
True
Is (-2 + (-16)/(-6))*99399/34 prime?
True
Let j(w) be the second derivative of w**5/20 + w**4/4 - w**2/2 + 3*w. Let g be j(-2). Suppose 0 = g*k - 16 - 17. Is k a prime number?
True
Suppose a + 797 = 4*a - 2*w, -3*a + 796 = -w. Is a composite?
True
Let k(j) = 698*j + 3. Is k(2) a prime number?
True
Let v(f) = f**3 - 10*f**2 + 5*f - 17. Is v(12) prime?
True
Is 394 - (5 + -1)/4 a prime number?
False
Is (-2)/((-1)/((-409)/(-2))) a prime number?
True
Suppose 5*j + 2*a - a + 238 = 0, -4*j - 182 = -2*a. Let d = 66 + j. Is d composite?
False
Suppose 2*d = -d + 900. Let y = d - 99. Is y prime?
False
Let q(n) = 12*n**2 + 12*n + 19. Is q(13) a composite number?
False
Let w(n) = n - 1. Let m(i) = 15*i - 11. Let z(u) = m(u) - 5*w(u). Is z(4) prime?
False
Is (7/21)/((-2)/(-966)) a composite number?
True
Let q = 34 + -15. Is q a prime number?
True
Suppose -2*z = -7*z. Let v(h) be the third derivative of -h**4/24 + 13*h**3/6 + h**2. Is v(z) prime?
True
Suppose 0 = d - 5*d + 20. Suppose -5*u = -2*y + 24 + 31, d*y + 5*u = 50. Is y a prime number?
False
Let b = -1 + 4. Let v(c) = 4*c + b*c - 4 + 0 - 1. Is v(4) composite?
False
Let f be (-2)/(-4) - 2/4. Suppose f = -g - 6 + 1, 2*h = 2*g + 10. Suppose 5*t - 12 - 38 = h. Is